 c and 5?
5
Suppose 7*h - 96 = 3*h. Calculate the greatest common divisor of h and 6.
6
Suppose -4 = m + 19. Let q = 5 - m. Let n be 194/8 + (-7)/q. Calculate the greatest common factor of n and 36.
12
Let h(z) = -3*z + 7. Let c be h(-4). Calculate the greatest common divisor of 57 and c.
19
Let r = 14 + -11. Suppose -2*w - w + 2*j + 199 = 0, r*j + 201 = 3*w. Calculate the greatest common divisor of 26 and w.
13
Let l = -47 + 50. What is the highest common divisor of 4 and l?
1
Let z be (-2 - 10/(-4))*-2. Let q be (2 + -1)/((-5)/480). Let j be q/6*z*1. Calculate the highest common factor of 64 and j.
16
Let s = -86 - -121. What is the greatest common divisor of s and 315?
35
Let f be (-14)/(-10) - (-24)/(-60). What is the greatest common divisor of f and 11?
1
Let u = -4 - -6. Suppose -j = u - 5. What is the greatest common factor of j and 12?
3
Let h(p) = 20*p**3 - p**2 - 26*p - 14. Let v(t) = 7*t**3 - 9*t - 5. Let i(n) = -6*h(n) + 17*v(n). Let w be i(5). What is the highest common factor of 13 and w?
13
Let o be (28/(-10) + 2)/(12/(-1560)). Calculate the highest common divisor of o and 13.
13
Let w be (-7)/(-3) + (-1)/3. Let n be (-4)/w*(-3)/6. Calculate the greatest common divisor of n and 7.
1
Let j(a) = 24*a**3 + a**2 - a. Suppose 3 + 2 = 5*b. Let s be j(b). Calculate the highest common divisor of 192 and s.
24
Let a(u) = u**3 + u**2 + u - 20. Suppose 0 = -6*h + h. Let z be a(h). Let y = z + 29. Calculate the highest common factor of y and 63.
9
Let z(y) = 33*y**2 - 3*y. Let t be z(2). Suppose -5*g = -t + 46. Calculate the greatest common factor of 112 and g.
16
Let r(t) = 3*t + 3. Suppose 4*z + 13 = 5*g, -g = -0*z + z + 1. Let p be r(z). Let u = p + 4. What is the highest common factor of 11 and u?
1
Let f(a) = -9*a - 2. Let r be f(2). Let p = r - -36. Calculate the highest common divisor of 16 and p.
16
Let s = 47 + -44. Calculate the greatest common factor of 12 and s.
3
Let y(h) = h**2 + 9*h + 5. Let q be y(7). Calculate the highest common factor of q and 13.
13
Let l be 23/4 - 18/24. Suppose -3*d + 6 = 0, g - l*d + 0*d = -111. Let a = -41 - g. What is the highest common factor of a and 20?
20
Let h be 1525/20 - (-2)/(-8). What is the greatest common divisor of h and 19?
19
Let g(b) = -b**3 + 6*b**2 - 5*b + 5. Let f be g(4). Suppose 44 - f = y. Let h be (16/(-2) + -1)*-1. What is the highest common divisor of y and h?
9
Let b(p) = -5*p + 7. Let i be ((-4)/2 + -3)/1. Let r be b(i). Calculate the highest common divisor of r and 4.
4
Let y(l) = -l**3 + 6*l**2 + 2*l + 5. Let j be y(4). Let s = j + -9. Calculate the highest common factor of s and 90.
18
Suppose 10 = 3*g - g. Suppose 50 = -g*r + 165. Let w = r + -14. Calculate the highest common divisor of 27 and w.
9
Suppose r - 23 = 3*i, -9 = -3*i - 24. Calculate the greatest common factor of r and 128.
8
Suppose -d - 3*s - 15 = 0, 4*s + 0*s + 20 = 0. Let f be (-3 + d)*(-1)/3. Calculate the highest common factor of f and 6.
1
Let m be 178 - (1 - 2 - 1). Suppose 0 = 4*g + 2*x - m, 0 = -g - 2*g - 5*x + 142. What is the greatest common divisor of g and 4?
4
Suppose -2*q = -5*q - 60. Let a = q - -74. What is the highest common divisor of a and 6?
6
Suppose -3*d = -5*o - 6, 3*o + 1 = 5*d - 9. Suppose j + d - 8 = 0. Suppose 4*z - 5*z + j = 0. Calculate the highest common factor of 12 and z.
6
Let p = -1 - -1. Suppose p*g - 2*g + 72 = 0. What is the highest common factor of 4 and g?
4
Suppose -14*r = -10*r - 532. Calculate the greatest common factor of r and 19.
19
Let r = 35 + -16. Suppose -16*q + r*q - 54 = 0. Calculate the greatest common divisor of q and 162.
18
Suppose -8*z = -5*z - 315. Calculate the greatest common divisor of z and 15.
15
Suppose -3*r + 28 + 12 = 5*q, -q = 2*r - 15. Suppose 200 = q*b - 0*b. Calculate the greatest common divisor of b and 8.
8
Let g(a) = a + 5. Let y be g(4). Let c = y + 5. Calculate the greatest common divisor of 112 and c.
14
Suppose -3*a = -330 + 81. Let y = a + -19. What is the highest common divisor of y and 8?
8
Let r(a) = 5*a**2 + 7. Let s be r(-6). What is the greatest common divisor of s and 17?
17
Let s(b) = -8*b**3 + b**2 + 2*b + 2. Let l be s(-2). Calculate the greatest common divisor of 12 and l.
6
Let c be (-8)/36 + (-25)/9. Let m be c - 1*-1*9. Calculate the highest common factor of 9 and m.
3
Let a be (-172)/10 - 1/(-5). Let b = -15 - a. Calculate the greatest common divisor of 5 and b.
1
Suppose 37 = 3*o + 7. Suppose -7 - 43 = -w. What is the greatest common factor of o and w?
10
Let x = -12 - -14. Suppose 4*a + 5*d - 88 = 18, -4*d + 56 = x*a. Calculate the greatest common factor of 12 and a.
12
Let q(n) = 87*n - 3. Let p(r) = r**3 - r. Let u be p(1). Suppose u = -2*x + 5 - 1. Let z be q(x). Calculate the highest common divisor of z and 19.
19
Let s = 6 - 4. Let n be (-2)/(-8) - s/8. Let f = n + 11. Calculate the highest common divisor of 121 and f.
11
Let r = 78 + 230. Calculate the highest common factor of r and 28.
28
Let c = 76 + -21. Suppose 13 - 57 = -4*v. Calculate the greatest common factor of v and c.
11
Let p(q) = -q**2 - 14*q + 29. Let j be p(-15). Calculate the highest common divisor of 14 and j.
14
Let b(t) = -t**2 - 11*t + 3. Let l be b(-11). Let c(w) = 0*w - 1 - 5 + 4 + l*w. Let f be c(5). What is the highest common factor of 117 and f?
13
Let w = -46 - -67. What is the greatest common divisor of 126 and w?
21
Let m = 301 - 147. Calculate the greatest common factor of 14 and m.
14
Suppose 4*z + 2 = 6. Let f(i) = -1. Let x(n) = n**2 + 1. Let p(q) = 3*f(q) + 2*x(q). Let j be p(z). What is the greatest common factor of j and 2?
1
Let x = 51 - 3. Suppose -2*d + 0*d + 42 = 0. Suppose 5*z = 51 - d. Calculate the greatest common divisor of x and z.
6
Let t(n) = -3*n**2 - 7*n + 6. Let x be t(-7). Let v = 137 + x. Let u(w) = 2*w - 5. Let g be u(10). What is the greatest common divisor of g and v?
15
Let l = -24 + 104. Calculate the greatest common divisor of 10 and l.
10
Suppose z + 1 = 3. Suppose 1 = 3*c - 5. Suppose 0 = 2*k - 4*w - 32, -c*k + 3*w - 16 = -3*k. Calculate the greatest common factor of z and k.
2
Suppose 7*f + 64 = 2*a + 8*f, -3*f = 0. Calculate the greatest common divisor of 4 and a.
4
Let z be (-2 - -3)*-3*-2. Let k = -13 + -25. Let w = k + 104. Calculate the highest common divisor of w and z.
6
Let z be ((-2)/(-3))/(4/72). What is the greatest common divisor of z and 24?
12
Let o be 1/3 + 1/(6/256). Calculate the greatest common factor of o and 172.
43
Suppose -w = -4*w - 9. Let l(r) = -r - 3. Let h be l(w). Suppose g = -h*g + 11. What is the greatest common divisor of g and 11?
11
Suppose 0*b = -c + 2*b + 35, 3*b = 2*c - 66. Calculate the highest common factor of 18 and c.
9
Let p be ((-48)/(-9))/(4/6). Let c(m) = m**3 - 7*m**2 - 8*m + 9. Let b be c(p). Let a be 2/3 - (-120)/b. Calculate the greatest common divisor of 42 and a.
14
Let p = 0 - -3. Suppose p*u + 18 = 6*u. Calculate the greatest common divisor of u and 9.
3
Let r = 47 - 32. Let c = -14 + r. Suppose -3*b + 8 = g, 0 = -3*b - 8*g + 3*g + 16. Calculate the greatest common divisor of c and b.
1
Let u = -11 + 17. What is the greatest common factor of 12 and u?
6
Suppose -3*t + 2*u = -20, -5*u - 1 = -3*t + 13. Calculate the greatest common factor of 88 and t.
8
Let d be (-3 - -12) + (-1)/(-1). Let y = -4 + d. What is the greatest common factor of 54 and y?
6
Let i(t) = -t**3 - 8*t**2 + t + 11. Let a be i(-8). Suppose 1 = -2*l + a. Let u = l - -2. What is the highest common factor of 9 and u?
3
Let l = 6 + 1. Let p(z) = -11*z + 2. Suppose i = -0*i - 3. Let k be p(i). Calculate the greatest common factor of k and l.
7
Suppose -20 = -5*j + 5*x, 9*j - 4*j + 3*x = 28. What is the highest common factor of 1 and j?
1
Suppose -6*q = -10*q + 72. Calculate the greatest common divisor of 36 and q.
18
Suppose 3*c = 0, 5*p = -3*c + 6 - 1. Suppose 4*t + 3*m = -1 - p, -2*m - 6 = -2*t. Let q be 1*6 + (t - -1). What is the greatest common factor of 1 and q?
1
Suppose 2*t + 3*t - 85 = 0. Calculate the highest common divisor of 85 and t.
17
Let i(j) = -3*j**3 - j**2 - j - 1. Let x be i(-1). Suppose 206 = 2*u + 3*u - 4*v, x*u + 3*v - 87 = 0. What is the greatest common factor of u and 28?
14
Let t be 1172/6 - (-6)/9. Suppose -7*q = -3*q - t. Suppose 3*p - q = -0*p + 4*n, 3*